{"id":200,"date":"2014-07-23T16:53:03","date_gmt":"2014-07-23T16:53:03","guid":{"rendered":"http:\/\/lcdl.r-twerk.com\/en\/?page_id=200"},"modified":"2020-12-28T12:47:03","modified_gmt":"2020-12-28T11:47:03","slug":"the-village","status":"publish","type":"page","link":"https:\/\/www.lacasadellado.cat\/en\/the-village\/","title":{"rendered":"The Village and its surroundings"},"content":{"rendered":"\n<p>La Casa de Llad\u00f3 is situated just outside &nbsp;the small and quiet village of Llad\u00f3 (population 581) in the county of Alt Emporda. It&nbsp;is an enchanting village with&nbsp;an eleventh century Augustinian Monastery and a Romanesque church.<\/p>\n\n\n\n<p>This is a place where you can&nbsp;just relax and take it easy. &nbsp;There are many things you can do near the house to get to know the surroundings and enjoy the beauty of this region. &nbsp;You can hike or cycle&nbsp;on the many paths that surround the village with&nbsp;good views of the plains of Emporda down to the Bay of Roses on the one side and the ranges and foothills of the Pyrenees on the other. Or if you prefer,&nbsp;you can cool off in one of the many pools in the river Manol, season allowing. A world of sensations at your fingertips to enjoy during all seasons of the year.<\/p>\n\n\n\n<ul class=\"wp-block-list\"><li>Click or tap on the picture to see it larger<\/li><\/ul>\n\n\nngg_shortcode_0_placeholder\n","protected":false},"excerpt":{"rendered":"<p>La Casa de Llad\u00f3 is situated just outside &nbsp;the small and quiet village of Llad\u00f3 (population 581) in the county of Alt Emporda. It&nbsp;is an enchanting village with&nbsp;an eleventh century Augustinian Monastery and a Romanesque church. This is a place<\/p>\n","protected":false},"author":1,"featured_media":1398,"parent":0,"menu_order":0,"comment_status":"closed","ping_status":"closed","template":"","meta":{"ngg_post_thumbnail":0,"_vp_format_video_url":"","_vp_image_focal_point":[],"footnotes":""},"class_list":["post-200","page","type-page","status-publish","has-post-thumbnail","hentry"],"yoast_head":"<!-- This site is optimized with the Yoast SEO plugin v27.5 - https:\/\/yoast.com\/product\/yoast-seo-wordpress\/ -->\n<title>The Village and its surroundings - La Casa de Llad\u00f3<\/title>\n<meta name=\"robots\" content=\"index, follow, max-snippet:-1, max-image-preview:large, max-video-preview:-1\" \/>\n<link rel=\"canonical\" href=\"https:\/\/www.lacasadellado.cat\/en\/the-village\/\" \/>\n<meta property=\"og:locale\" content=\"en_US\" \/>\n<meta property=\"og:type\" content=\"article\" \/>\n<meta property=\"og:title\" content=\"The Village and its surroundings - La Casa de Llad\u00f3\" \/>\n<meta property=\"og:description\" content=\"La Casa de Llad\u00f3 is situated just outside &nbsp;the small and quiet village of Llad\u00f3 (population 581) in the county of Alt Emporda. It&nbsp;is an enchanting village with&nbsp;an eleventh century Augustinian Monastery and a Romanesque church. This is a place\" \/>\n<meta property=\"og:url\" content=\"https:\/\/www.lacasadellado.cat\/en\/the-village\/\" \/>\n<meta property=\"og:site_name\" content=\"La Casa de Llad\u00f3\" \/>\n<meta property=\"article:modified_time\" content=\"2020-12-28T11:47:03+00:00\" \/>\n<meta property=\"og:image\" content=\"https:\/\/www.lacasadellado.cat\/en\/wp-content\/uploads\/sites\/2\/2014\/07\/village-door-A.jpg\" \/>\n\t<meta property=\"og:image:width\" content=\"216\" \/>\n\t<meta property=\"og:image:height\" content=\"216\" \/>\n\t<meta property=\"og:image:type\" content=\"image\/jpeg\" \/>\n<meta name=\"twitter:label1\" content=\"Est. reading time\" \/>\n\t<meta name=\"twitter:data1\" content=\"1 minute\" \/>\n<script type=\"application\/ld+json\" class=\"yoast-schema-graph\">{\"@context\":\"https:\\\/\\\/schema.org\",\"@graph\":[{\"@type\":\"WebPage\",\"@id\":\"https:\\\/\\\/www.lacasadellado.cat\\\/en\\\/the-village\\\/\",\"url\":\"https:\\\/\\\/www.lacasadellado.cat\\\/en\\\/the-village\\\/\",\"name\":\"The Village and its surroundings - La Casa de Llad\u00f3\",\"isPartOf\":{\"@id\":\"https:\\\/\\\/www.lacasadellado.cat\\\/en\\\/#website\"},\"primaryImageOfPage\":{\"@id\":\"https:\\\/\\\/www.lacasadellado.cat\\\/en\\\/the-village\\\/#primaryimage\"},\"image\":{\"@id\":\"https:\\\/\\\/www.lacasadellado.cat\\\/en\\\/the-village\\\/#primaryimage\"},\"thumbnailUrl\":\"https:\\\/\\\/www.lacasadellado.cat\\\/en\\\/wp-content\\\/uploads\\\/sites\\\/2\\\/2014\\\/07\\\/village-door-A.jpg\",\"datePublished\":\"2014-07-23T16:53:03+00:00\",\"dateModified\":\"2020-12-28T11:47:03+00:00\",\"breadcrumb\":{\"@id\":\"https:\\\/\\\/www.lacasadellado.cat\\\/en\\\/the-village\\\/#breadcrumb\"},\"inLanguage\":\"en-US\",\"potentialAction\":[{\"@type\":\"ReadAction\",\"target\":[\"https:\\\/\\\/www.lacasadellado.cat\\\/en\\\/the-village\\\/\"]}]},{\"@type\":\"ImageObject\",\"inLanguage\":\"en-US\",\"@id\":\"https:\\\/\\\/www.lacasadellado.cat\\\/en\\\/the-village\\\/#primaryimage\",\"url\":\"https:\\\/\\\/www.lacasadellado.cat\\\/en\\\/wp-content\\\/uploads\\\/sites\\\/2\\\/2014\\\/07\\\/village-door-A.jpg\",\"contentUrl\":\"https:\\\/\\\/www.lacasadellado.cat\\\/en\\\/wp-content\\\/uploads\\\/sites\\\/2\\\/2014\\\/07\\\/village-door-A.jpg\",\"width\":216,\"height\":216,\"caption\":\"Llad\u00f3\"},{\"@type\":\"BreadcrumbList\",\"@id\":\"https:\\\/\\\/www.lacasadellado.cat\\\/en\\\/the-village\\\/#breadcrumb\",\"itemListElement\":[{\"@type\":\"ListItem\",\"position\":1,\"name\":\"Home\",\"item\":\"https:\\\/\\\/www.lacasadellado.cat\\\/en\\\/\"},{\"@type\":\"ListItem\",\"position\":2,\"name\":\"The Village and its surroundings\"}]},{\"@type\":\"WebSite\",\"@id\":\"https:\\\/\\\/www.lacasadellado.cat\\\/en\\\/#website\",\"url\":\"https:\\\/\\\/www.lacasadellado.cat\\\/en\\\/\",\"name\":\"La Casa de Llad\u00f3\",\"description\":\"A window on l`Emporda\",\"publisher\":{\"@id\":\"https:\\\/\\\/www.lacasadellado.cat\\\/en\\\/#organization\"},\"potentialAction\":[{\"@type\":\"SearchAction\",\"target\":{\"@type\":\"EntryPoint\",\"urlTemplate\":\"https:\\\/\\\/www.lacasadellado.cat\\\/en\\\/?s={search_term_string}\"},\"query-input\":{\"@type\":\"PropertyValueSpecification\",\"valueRequired\":true,\"valueName\":\"search_term_string\"}}],\"inLanguage\":\"en-US\"},{\"@type\":\"Organization\",\"@id\":\"https:\\\/\\\/www.lacasadellado.cat\\\/en\\\/#organization\",\"name\":\"La Casa de Llad\u00f3\",\"url\":\"https:\\\/\\\/www.lacasadellado.cat\\\/en\\\/\",\"logo\":{\"@type\":\"ImageObject\",\"inLanguage\":\"en-US\",\"@id\":\"https:\\\/\\\/www.lacasadellado.cat\\\/en\\\/#\\\/schema\\\/logo\\\/image\\\/\",\"url\":\"https:\\\/\\\/www.lacasadellado.cat\\\/en\\\/wp-content\\\/uploads\\\/sites\\\/2\\\/2014\\\/07\\\/my-llado-logo-1-en.png\",\"contentUrl\":\"https:\\\/\\\/www.lacasadellado.cat\\\/en\\\/wp-content\\\/uploads\\\/sites\\\/2\\\/2014\\\/07\\\/my-llado-logo-1-en.png\",\"width\":167,\"height\":47,\"caption\":\"La Casa de Llad\u00f3\"},\"image\":{\"@id\":\"https:\\\/\\\/www.lacasadellado.cat\\\/en\\\/#\\\/schema\\\/logo\\\/image\\\/\"}}]}<\/script>\n<!-- \/ Yoast SEO plugin. -->","yoast_head_json":{"title":"The Village and its surroundings - La Casa de Llad\u00f3","robots":{"index":"index","follow":"follow","max-snippet":"max-snippet:-1","max-image-preview":"max-image-preview:large","max-video-preview":"max-video-preview:-1"},"canonical":"https:\/\/www.lacasadellado.cat\/en\/the-village\/","og_locale":"en_US","og_type":"article","og_title":"The Village and its surroundings - La Casa de Llad\u00f3","og_description":"La Casa de Llad\u00f3 is situated just outside &nbsp;the small and quiet village of Llad\u00f3 (population 581) in the county of Alt Emporda. It&nbsp;is an enchanting village with&nbsp;an eleventh century Augustinian Monastery and a Romanesque church. This is a place","og_url":"https:\/\/www.lacasadellado.cat\/en\/the-village\/","og_site_name":"La Casa de Llad\u00f3","article_modified_time":"2020-12-28T11:47:03+00:00","og_image":[{"width":216,"height":216,"url":"https:\/\/www.lacasadellado.cat\/en\/wp-content\/uploads\/sites\/2\/2014\/07\/village-door-A.jpg","type":"image\/jpeg"}],"twitter_misc":{"Est. reading time":"1 minute"},"schema":{"@context":"https:\/\/schema.org","@graph":[{"@type":"WebPage","@id":"https:\/\/www.lacasadellado.cat\/en\/the-village\/","url":"https:\/\/www.lacasadellado.cat\/en\/the-village\/","name":"The Village and its surroundings - La Casa de Llad\u00f3","isPartOf":{"@id":"https:\/\/www.lacasadellado.cat\/en\/#website"},"primaryImageOfPage":{"@id":"https:\/\/www.lacasadellado.cat\/en\/the-village\/#primaryimage"},"image":{"@id":"https:\/\/www.lacasadellado.cat\/en\/the-village\/#primaryimage"},"thumbnailUrl":"https:\/\/www.lacasadellado.cat\/en\/wp-content\/uploads\/sites\/2\/2014\/07\/village-door-A.jpg","datePublished":"2014-07-23T16:53:03+00:00","dateModified":"2020-12-28T11:47:03+00:00","breadcrumb":{"@id":"https:\/\/www.lacasadellado.cat\/en\/the-village\/#breadcrumb"},"inLanguage":"en-US","potentialAction":[{"@type":"ReadAction","target":["https:\/\/www.lacasadellado.cat\/en\/the-village\/"]}]},{"@type":"ImageObject","inLanguage":"en-US","@id":"https:\/\/www.lacasadellado.cat\/en\/the-village\/#primaryimage","url":"https:\/\/www.lacasadellado.cat\/en\/wp-content\/uploads\/sites\/2\/2014\/07\/village-door-A.jpg","contentUrl":"https:\/\/www.lacasadellado.cat\/en\/wp-content\/uploads\/sites\/2\/2014\/07\/village-door-A.jpg","width":216,"height":216,"caption":"Llad\u00f3"},{"@type":"BreadcrumbList","@id":"https:\/\/www.lacasadellado.cat\/en\/the-village\/#breadcrumb","itemListElement":[{"@type":"ListItem","position":1,"name":"Home","item":"https:\/\/www.lacasadellado.cat\/en\/"},{"@type":"ListItem","position":2,"name":"The Village and its surroundings"}]},{"@type":"WebSite","@id":"https:\/\/www.lacasadellado.cat\/en\/#website","url":"https:\/\/www.lacasadellado.cat\/en\/","name":"La Casa de Llad\u00f3","description":"A window on l`Emporda","publisher":{"@id":"https:\/\/www.lacasadellado.cat\/en\/#organization"},"potentialAction":[{"@type":"SearchAction","target":{"@type":"EntryPoint","urlTemplate":"https:\/\/www.lacasadellado.cat\/en\/?s={search_term_string}"},"query-input":{"@type":"PropertyValueSpecification","valueRequired":true,"valueName":"search_term_string"}}],"inLanguage":"en-US"},{"@type":"Organization","@id":"https:\/\/www.lacasadellado.cat\/en\/#organization","name":"La Casa de Llad\u00f3","url":"https:\/\/www.lacasadellado.cat\/en\/","logo":{"@type":"ImageObject","inLanguage":"en-US","@id":"https:\/\/www.lacasadellado.cat\/en\/#\/schema\/logo\/image\/","url":"https:\/\/www.lacasadellado.cat\/en\/wp-content\/uploads\/sites\/2\/2014\/07\/my-llado-logo-1-en.png","contentUrl":"https:\/\/www.lacasadellado.cat\/en\/wp-content\/uploads\/sites\/2\/2014\/07\/my-llado-logo-1-en.png","width":167,"height":47,"caption":"La Casa de Llad\u00f3"},"image":{"@id":"https:\/\/www.lacasadellado.cat\/en\/#\/schema\/logo\/image\/"}}]}},"_links":{"self":[{"href":"https:\/\/www.lacasadellado.cat\/en\/wp-json\/wp\/v2\/pages\/200","targetHints":{"allow":["GET"]}}],"collection":[{"href":"https:\/\/www.lacasadellado.cat\/en\/wp-json\/wp\/v2\/pages"}],"about":[{"href":"https:\/\/www.lacasadellado.cat\/en\/wp-json\/wp\/v2\/types\/page"}],"author":[{"embeddable":true,"href":"https:\/\/www.lacasadellado.cat\/en\/wp-json\/wp\/v2\/users\/1"}],"replies":[{"embeddable":true,"href":"https:\/\/www.lacasadellado.cat\/en\/wp-json\/wp\/v2\/comments?post=200"}],"version-history":[{"count":0,"href":"https:\/\/www.lacasadellado.cat\/en\/wp-json\/wp\/v2\/pages\/200\/revisions"}],"wp:featuredmedia":[{"embeddable":true,"href":"https:\/\/www.lacasadellado.cat\/en\/wp-json\/wp\/v2\/media\/1398"}],"wp:attachment":[{"href":"https:\/\/www.lacasadellado.cat\/en\/wp-json\/wp\/v2\/media?parent=200"}],"curies":[{"name":"wp","href":"https:\/\/api.w.org\/{rel}","templated":true}]}}

<p>La Casa de Lladó is situated just outside &nbsp;the small and quiet village of Lladó (population 581) in the county of Alt Emporda. It&nbsp;is an enchanting village with&nbsp;an eleventh century Augustinian Monastery and a Romanesque church.</p>



<p>This is a place where you can&nbsp;just relax and take it easy. &nbsp;There are many things you can do near the house to get to know the surroundings and enjoy the beauty of this region. &nbsp;You can hike or cycle&nbsp;on the many paths that surround the village with&nbsp;good views of the plains of Emporda down to the Bay of Roses on the one side and the ranges and foothills of the Pyrenees on the other. Or if you prefer,&nbsp;you can cool off in one of the many pools in the river Manol, season allowing. A world of sensations at your fingertips to enjoy during all seasons of the year.</p>



<ul class="wp-block-list"><li>Click or tap on the picture to see it larger</li></ul>


ngg_shortcode_0_placeholder

<p>La Casa de Lladó is situated just outside &nbsp;the small and quiet village of Lladó (population 581) in the county of Alt Emporda. It&nbsp;is an enchanting village with&nbsp;an eleventh century Augustinian Monastery and a Romanesque church. This is a place</p>

<!-- This site is optimized with the Yoast SEO plugin v27.5 - https://yoast.com/product/yoast-seo-wordpress/ -->
<title>The Village and its surroundings - La Casa de Lladó</title>
<meta name="robots" content="index, follow, max-snippet:-1, max-image-preview:large, max-video-preview:-1" />
<link rel="canonical" href="https://www.lacasadellado.cat/en/the-village/" />
<meta property="og:locale" content="en_US" />
<meta property="og:type" content="article" />
<meta property="og:title" content="The Village and its surroundings - La Casa de Lladó" />
<meta property="og:description" content="La Casa de Lladó is situated just outside &nbsp;the small and quiet village of Lladó (population 581) in the county of Alt Emporda. It&nbsp;is an enchanting village with&nbsp;an eleventh century Augustinian Monastery and a Romanesque church. This is a place" />
<meta property="og:url" content="https://www.lacasadellado.cat/en/the-village/" />
<meta property="og:site_name" content="La Casa de Lladó" />
<meta property="article:modified_time" content="2020-12-28T11:47:03+00:00" />
<meta property="og:image" content="https://www.lacasadellado.cat/en/wp-content/uploads/sites/2/2014/07/village-door-A.jpg" />
	<meta property="og:image:width" content="216" />
	<meta property="og:image:height" content="216" />
	<meta property="og:image:type" content="image/jpeg" />
<meta name="twitter:label1" content="Est. reading time" />
	<meta name="twitter:data1" content="1 minute" />
<script type="application/ld+json" class="yoast-schema-graph">{"@context":"https:\/\/schema.org","@graph":[{"@type":"WebPage","@id":"https:\/\/www.lacasadellado.cat\/en\/the-village\/","url":"https:\/\/www.lacasadellado.cat\/en\/the-village\/","name":"The Village and its surroundings - La Casa de Lladó","isPartOf":{"@id":"https:\/\/www.lacasadellado.cat\/en\/#website"},"primaryImageOfPage":{"@id":"https:\/\/www.lacasadellado.cat\/en\/the-village\/#primaryimage"},"image":{"@id":"https:\/\/www.lacasadellado.cat\/en\/the-village\/#primaryimage"},"thumbnailUrl":"https:\/\/www.lacasadellado.cat\/en\/wp-content\/uploads\/sites\/2\/2014\/07\/village-door-A.jpg","datePublished":"2014-07-23T16:53:03+00:00","dateModified":"2020-12-28T11:47:03+00:00","breadcrumb":{"@id":"https:\/\/www.lacasadellado.cat\/en\/the-village\/#breadcrumb"},"inLanguage":"en-US","potentialAction":[{"@type":"ReadAction","target":["https:\/\/www.lacasadellado.cat\/en\/the-village\/"]}]},{"@type":"ImageObject","inLanguage":"en-US","@id":"https:\/\/www.lacasadellado.cat\/en\/the-village\/#primaryimage","url":"https:\/\/www.lacasadellado.cat\/en\/wp-content\/uploads\/sites\/2\/2014\/07\/village-door-A.jpg","contentUrl":"https:\/\/www.lacasadellado.cat\/en\/wp-content\/uploads\/sites\/2\/2014\/07\/village-door-A.jpg","width":216,"height":216,"caption":"Lladó"},{"@type":"BreadcrumbList","@id":"https:\/\/www.lacasadellado.cat\/en\/the-village\/#breadcrumb","itemListElement":[{"@type":"ListItem","position":1,"name":"Home","item":"https:\/\/www.lacasadellado.cat\/en\/"},{"@type":"ListItem","position":2,"name":"The Village and its surroundings"}]},{"@type":"WebSite","@id":"https:\/\/www.lacasadellado.cat\/en\/#website","url":"https:\/\/www.lacasadellado.cat\/en\/","name":"La Casa de Lladó","description":"A window on l`Emporda","publisher":{"@id":"https:\/\/www.lacasadellado.cat\/en\/#organization"},"potentialAction":[{"@type":"SearchAction","target":{"@type":"EntryPoint","urlTemplate":"https:\/\/www.lacasadellado.cat\/en\/?s={search_term_string}"},"query-input":{"@type":"PropertyValueSpecification","valueRequired":true,"valueName":"search_term_string"}}],"inLanguage":"en-US"},{"@type":"Organization","@id":"https:\/\/www.lacasadellado.cat\/en\/#organization","name":"La Casa de Lladó","url":"https:\/\/www.lacasadellado.cat\/en\/","logo":{"@type":"ImageObject","inLanguage":"en-US","@id":"https:\/\/www.lacasadellado.cat\/en\/#\/schema\/logo\/image\/","url":"https:\/\/www.lacasadellado.cat\/en\/wp-content\/uploads\/sites\/2\/2014\/07\/my-llado-logo-1-en.png","contentUrl":"https:\/\/www.lacasadellado.cat\/en\/wp-content\/uploads\/sites\/2\/2014\/07\/my-llado-logo-1-en.png","width":167,"height":47,"caption":"La Casa de Lladó"},"image":{"@id":"https:\/\/www.lacasadellado.cat\/en\/#\/schema\/logo\/image\/"}}]}</script>
<!-- / Yoast SEO plugin. -->

The Village and its surroundings - La Casa de Lladó

La Casa de Lladó is situated just outside &nbsp;the small and quiet village of Lladó (population 581) in the county of Alt Emporda. It&nbsp;is an enchanting village with&nbsp;an eleventh century Augustinian Monastery and a Romanesque church. This is a place

La Casa de Lladó

Lladó
